et h(g) = 14655*g + 231958. Determine h(-16).
-2522
Let c(u) = 29*u**2 - 1234*u - 1875. Calculate c(44).
-27
Let y(s) = s**3 + 37*s**2 + 165*s + 344. Calculate y(-32).
184
Let d(u) = 3*u**3 + 36*u**2 - 1130*u + 488. What is d(14)?
-44
Let v(o) = -2139*o + 834213. Determine v(390).
3
Let u(o) = -14*o**2 + 2382*o - 11554. What is u(5)?
6
Let z(s) = -s**3 + 49*s**2 - 2578*s + 25594. Give z(12).
-14
Let y(g) = g**2 - 26373*g - 422223. Give y(-16).
1
Let q(w) = 54*w**2 + 1671*w + 138. Give q(-31).
231
Let a(u) = u**2 - 595*u - 145051. Determine a(-186).
215
Let r(m) = m**3 + 43*m + 96. What is r(-2)?
2
Let v(n) = 4721*n - 7917100. What is v(1677)?
17
Let a(u) = -3*u**3 - 9*u**2 + 195*u - 151. Calculate a(-10).
-1
Let x(y) = -y**3 - 1544*y**2 - 10780*y + 26. Give x(-7).
173
Let r(t) = 401*t + 5814. Give r(-15).
-201
Let p(f) = 64744*f - 194183. What is p(3)?
49
Let p(x) = x**3 - 149*x**2 + 1143*x - 2536. Give p(141).
-421
Let v(c) = -2*c**3 + 966*c + 62. Calculate v(0).
62
Let c(f) = -f**2 - 12770*f - 127594. Determine c(-10).
6
Let y(f) = 4*f**3 + 16*f**2 - 33*f - 538. Calculate y(-5).
-473
Let z(c) = 107*c + 1220. Give z(-6).
578
Let h(m) = -m**3 + 17*m**2 + 1853*m - 34487. Give h(19).
-2
Let a(p) = -70*p**2 - 3283*p + 19. Determine a(-47).
-310
Let v(h) = -h**3 - 12*h**2 + 74*h - 629. Calculate v(-18).
-17
Let v(j) = j**3 + 109*j - 313. Calculate v(3).
41
Let i(c) = c**2 - 16*c - 79796. Calculate i(291).
229
Let c(t) = 49*t**2 + 3994*t - 3995. Calculate c(1).
48
Let f(i) = -i**3 - 58*i**2 - 9187*i - 508246. Determine f(-56).
-46
Let f(b) = -4*b**3 - 10*b**2 + 53*b + 561. Give f(9).
-2688
Let a(b) = -617*b - 4151. Give a(-6).
-449
Let m(y) = y**3 + 183*y**2 - 885*y - 25625. Determine m(-187).
-6
Let f(s) = 33*s + 204. Determine f(-12).
-192
Let b(m) = m**3 - 108*m**2 + 1875*m + 1419. Calculate b(86).
-43
Let b(d) = -3*d**3 - 3764*d**2 + 2759*d + 1887527. What is b(-1255)?
7
Let y(x) = -x**3 - 47*x**2 + 24901*x - 1544. What is y(136)?
224
Let w(q) = 222*q - 17229. Determine w(57).
-4575
Let o(n) = -35*n - 4879. What is o(-107)?
-1134
Let q(z) = -58*z + 5649. What is q(100)?
-151
Let o(s) = -338*s + 15882. Calculate o(47).
-4
Let x(t) = 5498*t + 49483. Determine x(-9).
1
Let d(c) = -4*c**3 - 62*c**2 - 23*c - 29. Calculate d(-15).
-134
Let i(u) = u**2 + 223*u + 8784. Calculate i(-47).
512
Let o(i) = 14*i**3 - 50*i**2 + 946*i - 3753. Give o(4).
127
Let q(t) = -282519*t - 16386101. What is q(-58)?
1
Let o(d) = 266*d + 8432. Give o(-31).
186
Let d(l) = -10370*l - 72583. What is d(-7)?
7
Let d(c) = -200*c**2 + 17413*c - 1148. Determine d(87).
-17
Let t(a) = 816*a - 20396. Give t(25).
4
Let i(w) = -3*w**3 - 108*w**2 + 15906*w - 198. Give i(57).
-27
Let o(s) = 2*s**3 + 49*s**2 - 2*s - 32. Give o(-24).
592
Let c(t) = t**3 - 20*t**2 + 834*t - 8844. Determine c(12).
12
Let z(x) = -385*x**2 - 31*x + 4. Determine z(-1).
-350
Let x(o) = -o**3 + 136*o**2 - 2207*o + 321042. Determine x(137).
-86
Let p(l) = l**2 + 229*l - 39446. Determine p(-344).
114
Let u(a) = a**2 - 179*a - 7061. Determine u(-41).
1959
Let x(g) = 5*g**2 + 125*g + 208. Give x(-22).
-122
Let g(j) = -j**3 + 19*j**2 - 25*j - 80. Determine g(17).
73
Let y(q) = -72010*q**2 - 648090*q - 7. What is y(-9)?
-7
Let r(a) = 3690*a + 708506. Determine r(-192).
26
Let g(h) = h**3 - 6*h**2 - 1050*h - 1123. Determine g(-29).
-108
Let z(s) = -11100*s - 64997. What is z(-6)?
1603
Let z(w) = -267*w - 24315. Determine z(-91).
-18
Let u(h) = 14*h**2 - 1350*h - 8235. Calculate u(-6).
369
Let s(v) = -2973*v - 300305. Give s(-101).
-32
Let k(j) = 2*j**3 + 10*j**2 + 858*j + 4277. What is k(-5)?
-13
Let h(f) = -7*f**2 - 44723*f + 223588. Calculate h(5).
-202
Let b(o) = -49*o**2 - 14108*o - 12916. What is b(-287)?
-1
Let z(a) = -3*a**2 - 41*a + 190. Give z(-17).
20
Let a(v) = -v**3 - 125*v**2 + 7861*v - 949. Calculate a(-171).
-94
Let y(j) = -2929*j + 42911. Calculate y(15).
-1024
Let g(i) = 15*i**3 + 2734*i**2 + 712*i - 2914. Calculate g(-182).
-2
Let x(y) = -y**2 - 1925*y - 690616. What is x(-477)?
80
Let w(m) = 152210*m + 304407. What is w(-2)?
-13
Let l(y) = -15*y**2 - 8470*y - 25294. Calculate l(-3).
-19
Let h(u) = 3904*u - 31258. What is h(8)?
-26
Let v(r) = -25819*r + 310064. Give v(12).
236
Let z(r) = 9*r**3 + 4*r**2 + 170*r + 337. Calculate z(-2).
-59
Let x(w) = 905*w**2 - 721*w + 16. Give x(1).
200
Let a(x) = x**3 - 545*x**2 + 50696*x - 921. What is a(426)?
-69
Let s(c) = -10*c**2 - 1252*c + 8824. What is s(7)?
-430
Let k(w) = -w**2 - 32065*w + 3732986. Determine k(116).
-10
Let r(a) = -4*a**2 + 1004*a - 19415. What is r(235)?
-4375
Let a(z) = -z**2 + 1733547*z - 5200639. Give a(3).
-7
Let m(l) = -2*l**2 + 164*l + 4359. Calculate m(-21).
33
Let i(g) = 5244*g - 9830. Determine i(1).
-4586
Let n(w) = -29*w + 183. Give n(48).
-1209
Let h(o) = 7*o**3 - o**2 - 976*o + 2926. What is h(3)?
178
Let j(m) = -22004*m - 616132. What is j(-28)?
-20
Let a(w) = -56*w**2 + 376*w + 1113. Give a(-3).
-519
Let r(i) = 20*i**2 - 427*i + 2172. What is r(13)?
1
Let t(z) = -1443*z**2 - 5794*z - 145. Calculate t(-4).
-57
Let h(k) = 525*k + 7892. Determine h(-15).
17
Let g(s) = s**3 - 84*s**2 + 71*s + 7641. Determine g(82).
15
Let r(g) = 4*g**2 + 220*g - 2388. Give r(10).
212
Let g(q) = 4*q**3 + 2*q**2 + 521*q + 2122. Give g(-4).
-186
Let w(d) = d**3 + 17*d**2 + 916*d + 15406. What is w(-17)?
-166
Let v(o) = 291*o - 5920. What is v(22)?
482
Let m(z) = -191*z**2 + 62*z - 67. Determine m(1).
-196
Let j(n) = -1407*n**2 - 15512*n - 402. Determine j(-11).
-17
Let h(t) = t**2 + 9739*t - 204949. Give h(21).
11
Let z(v) = -v**3 - 229*v**2 - 3440*v + 154657. Determine z(-209).
-3
Let f(z) = 11*z**2 + 6406*z - 3926. Determine f(-583).
155
Let a(d) = -d**2 - 39041*d + 156154. Calculate a(4).
-26
Let n(d) = 2974*d**2 - 62447*d. Calculate n(21).
147
Let t(z) = 185049*z - 1665487. Calculate t(9).
-46
Let z(u) = -10105*u + 80840. Give z(8).
0
Let m(j) = -321*j - 2343. Calculate m(-9).
546
Let t(q) = -23*q**2 - 170*q - 150. Give t(-3).
153
Let a(k) = -15379*k + 153801. Give a(10).
11
Let y(o) = -o**3 + 550*o**2 - 2689*o - 224. Calculate y(5).
-44
Let f(t) = -t**3 + 6*t**2 - 51*t - 8. Calculate f(10).
-918
Let h(l) = 2535*l - 4998. Determine h(2).
72
Let p(f) = -f**3 + 679*f**2 + 22978*f - 160690. Give p(711).
-4
Let u(i) = i**2 + 107*i - 47725. Calculate u(174).
1169
Let v(u) = -1312*u + 21371. Give v(15).
1691
Let u(w) = w**3 + 21*w**2 - 1010*w - 20746. Determine u(-20).
-146
Let z(p) = p**3 + 49*p**2 - 83*p - 1827. Calculate z(-50).
-177
Let z(k) = 8*k**2 - 392*k + 419. Calculate z(49).
419
Let t(k) = -k**3 + 13*k**2 - 14*k + 2031. Give t(18).
159
Let f(m) = -11487*m - 333185. Calculate f(-29).
-62
Let n(d) = -38314*d + 7279662. Determine n(190).
2
Let s(b) = 23478*b - 140857. Give s(6).
11
Let q(o) = -453*o - 32428. Calculate q(-77).
2453
Let q(k) = -65320*k + 3265969. Give q(50).
-31
Let q(z) = 10*z**3 + 430*z**2 - 437*z + 68. What is q(-44)?
-64
Let s(l) = -l**3 + 13*l**2 + 68*l + 43. Give s(-5).
153
Let r(h) = 12*h**2 + 61*h - 566. What is r(10)?
1244
Let z(g) = -g**2 + 8*g + 55171. Calculate z(-231).
-38
Let k(c) = -135910*c + 27. Determine k(0).
27
Let g(u) = 742*u - 18536. Calculate g(29).
2982
Let y(z) = -178*z - 6774. What is y(-38)?
-10
Let y(x) = -17*x**2 - 2051*x - 1330. Give y(-120).
-10
Let s(p) = -p**3 + 2*p**2 - 363*p + 1356. Give s(4).
-128
Let s(w) = -37*w**3 + 5*w**2 - 2. Calculate s(3).
-956
Let l(v) = v**3 + 97*v**2 + 1589*v - 8367. Give l(-74).
-5
Let k(z) = 1041*z + 93674. Give k(-90).
-16
Let z(v) = 5*v**2 - 157*v - 2996. What is z(42)?
-770
Let v(b) = -222*b**2 - 14433*b - 252. Calculate v(-65).
-57
Let w(l) = 39*l**3 - 3*l**2 - 10*l + 23. Calculate w(-2).
-281
Let b(u) = -220*u**3 - 35*u**2 + 30*u + 4. Calculate b(-2).
1564
Let b(k) = k**3 - 845*k**2 + 6695*k - 2. Calculate b(8).
-10
Let o(z) = z**3 + 139*z**2 - 2652*z - 8. Determine o(-156).
-8
Let t(s) = s**2 - 26*s - 1723. Calculate t(57).
44
Let r(w) = -2*w**3 - 712*w**2 + 4326*w + 111. Give r(6).
3
Let z(h) = -65*h - 1209. Determine z(14).
-2119
Let h(r) = 219*r**2 + 336835*r + 19995. Calculate h(-1538).
1
Let q(i) = 910*i - 30261. Calculate q(33).
-231
Let f(n) = -43*n**2 - 335*n + 61. Determine f(-8).
-11
Let b(g) = 18144*g - 145182. Give b(8).
-30
Let j(i) = i**3 